557
List the prime factors of 1145136987.
3, 42412481
What are the prime factors of 281545729?
41, 6866969
What are the prime factors of 5641295983?
37, 71, 2147429
What are the prime factors of 2507976175?
5, 100319047
What are the prime factors of 1187652210?
2, 3, 5, 39588407
What are the prime factors of 515461420?
2, 5, 17, 71, 131, 163
What are the prime factors of 40520400?
2, 3, 5, 33767
List the prime factors of 2260220153.
229, 9869957
List the prime factors of 370368053.
11, 463, 601
List the prime factors of 286516855.
5, 109, 525719
What are the prime factors of 978062863?
978062863
List the prime factors of 103837192.
2, 1453, 8933
What are the prime factors of 58353687?
3, 7, 31, 29879
What are the prime factors of 203850419?
203850419
List the prime factors of 298526795.
5, 7, 283, 30139
List the prime factors of 112659191.
37, 3044843
What are the prime factors of 883298055?
3, 5, 41, 1436257
List the prime factors of 309895347.
3, 4637, 22277
List the prime factors of 128450231.
7, 13, 1411541
What are the prime factors of 292998830?
2, 5, 113, 383, 677
List the prime factors of 297276240.
2, 3, 5, 41, 30211
List the prime factors of 1242363522.
2, 3, 207060587
What are the prime factors of 683053329?
3, 7, 32526349
What are the prime factors of 890472903?
3, 17, 17460253
List the prime factors of 22308583.
11, 2028053
List the prime factors of 15689330.
2, 5, 1568933
List the prime factors of 361456459.
7, 13, 1993
What are the prime factors of 569142666?
2, 3, 173, 60923
List the prime factors of 23479078.
2, 7, 67, 25031
List the prime factors of 1729433377.
7, 1109, 222779
What are the prime factors of 118429388?
2, 7, 11, 29, 13259
What are the prime factors of 39959312?
2, 2497457
List the prime factors of 2310030668.
2, 11, 23, 197, 11587
What are the prime factors of 119383895?
5, 23876779
List the prime factors of 39291439.
11, 887, 4027
List the prime factors of 4495941046.
2, 2247970523
What are the prime factors of 34421768?
2, 19, 433, 523
List the prime factors of 514435593.
3, 7, 24496933
What are the prime factors of 154610897?
7, 1951, 11321
What are the prime factors of 45968026?
2, 13, 1768001
What are the prime factors of 967936475?
5, 11, 19, 1531
What are the prime factors of 442260150?
2, 3, 5, 19, 29, 5351
What are the prime factors of 8622203129?
37, 109, 2137913
What are the prime factors of 42748971?
3, 1103, 12919
What are the prime factors of 1868443017?
3, 7, 88973477
List the prime factors of 18766665.
3, 5, 417037
What are the prime factors of 625285540?
2, 5, 11, 59, 67, 719
List the prime factors of 40785523.
40785523
List the prime factors of 474443680.
2, 5, 19, 239, 653
List the prime factors of 37444243.
1307, 28649
What are the prime factors of 48674095?
5, 23, 151, 2803
List the prime factors of 585316971.
3, 71, 641, 1429
List the prime factors of 105771164.
2, 113, 234007
What are the prime factors of 5876722645?
5, 1175344529
List the prime factors of 97272236.
2, 24318059
List the prime factors of 5972693447.
7, 2647, 46049
List the prime factors of 297914126.
2, 148957063
What are the prime factors of 983666756?
2, 37, 521, 12757
List the prime factors of 44282118.
2, 3, 37, 173, 1153
What are the prime factors of 1080939261?
3, 11117, 32411
List the prime factors of 185738146.
2, 11, 767513
List the prime factors of 85870613.
43, 997, 2003
List the prime factors of 1135593625.
5, 17, 173, 3089
List the prime factors of 386253301.
7, 55179043
What are the prime factors of 97576350?
2, 3, 5, 23, 28283
What are the prime factors of 2790899358?
2, 3, 13, 2371, 15091
What are the prime factors of 165164488?
2, 20645561
What are the prime factors of 4948476641?
19, 127, 487, 4211
List the prime factors of 417244729.
11, 283, 134033
List the prime factors of 58593805.
5, 11718761
What are the prime factors of 4138183272?
2, 3, 172424303
List the prime factors of 3108122783.
3108122783
What are the prime factors of 90666740?
2, 5, 61, 74317
What are the prime factors of 458552923?
458552923
List the prime factors of 1394508073.
7, 211, 944149
List the prime factors of 64434111.
3, 7, 19, 167, 967
What are the prime factors of 680827419?
3, 73, 1036267
List the prime factors of 3100116.
2, 3, 19, 13597
List the prime factors of 3964765954.
2, 71, 27920887
What are the prime factors of 736836069?
3, 83, 673, 4397
What are the prime factors of 817789367?
683, 1197349
What are the prime factors of 282480786?
2, 3, 7, 320273
What are the prime factors of 2135321263?
229, 9324547
List the prime factors of 2421857144.
2, 7, 31, 71, 401
List the prime factors of 1825704271.
83, 21996437
List the prime factors of 64191323.
7, 409, 3203
What are the prime factors of 35275128?
2, 3, 7, 209971
List the prime factors of 154325165.
5, 30865033
What are the prime factors of 29164180?
2, 5, 17, 31, 2767
What are the prime factors of 2778801882?
2, 3, 463133647
List the prime factors of 177251812.
2, 59, 83, 9049
List the prime factors of 274781342.
2, 11, 12490061
List the prime factors of 416532887.
29, 613, 23431
What are the prime factors of 1202381094?
2, 3, 200396849
List the prime factors of 754742896.
2, 53, 890027
What are the prime factors of 41609934?
2, 3, 311, 7433
What are the prime factors of 4817952727?
7, 24043, 28627
List the prime factors of 508932940.
2, 5, 101, 251947
What are the prime factors of 189532439?
17, 11148967
List the prime factors of 110549715.
3, 5, 7369981
List the prime factors of 3615872968.
2, 7333, 61637
List the prime factors of 42170881.
31, 53, 25667
What are the prime factors of 509640213?
3, 569, 298559
List the prime factors of 2314948854.
2, 3, 17, 547, 41491
List the prime factors of 47252580.
2, 3, 5, 23, 97, 353
What are the prime factors of 502641919?
13, 41, 943043
List the prime factors of 308534401.
7, 61, 722563
What are the prime factors of 27656891?
27656891
What are the prime factors of 521355200?
2, 5, 499, 653
What are the prime factors of 2839771758?
2, 3, 473295293
List the prime factors of 108129070.
2, 5, 7, 127, 12163
List the prime factors of 21533853.
3, 11, 652541
What are the prime factors of 118488313?
19, 97, 239, 269
What are the prime factors of 83625312?
2, 3, 17, 51241
What are the prime factors of 70417441?
97, 725953
What are the prime factors of 56969613?
3, 109, 58073
List the prime factors of 98026370.
2, 5, 13, 113, 6673
What are the prime factors of 130782370?
2, 5, 23, 568619
List the prime factors of 334508847.
3, 17, 6558997
List the prime factors of 652462616.
2, 13, 67, 93637
What are the prime factors of 77255749?
5281, 14629
What are the prime factors of 5106646?
2, 379, 6737
List the prime factors of 1618612963.
11, 83, 1772851
What are the prime factors of 53563297?
23, 2328839
List the prime factors of 180856392.
2, 3, 7535683
List the prime factors of 42866550.
2, 3, 5, 113, 281
List the prime factors of 389991238.
2, 7, 13, 179, 11971
What are the prime factors of 3937769231?
11, 1187, 301583
List the prime factors of 7991587.
419, 19073
What are the prime factors of 225779217?
3, 37, 2034047
What are the prime factors of 280384183?
71, 3949073
List the prime factors of 734270028.
2, 3, 61189169
What are the prime factors of 1178054382?
2, 3, 7283, 26959
List the prime factors of 1044190687.
15173, 68819
List the prime factors of 709966182.
2, 3, 118327697
List the prime factors of 3426453708.
2, 3, 997, 286397
What are the prime factors of 70841795?
5, 14168359
What are the prime factors of 149549979?
3, 23, 61, 35531
What are the prime factors of 492268260?
2, 3, 5, 11, 439, 1699
List the prime factors of 4635746899.
7, 23, 28793459
What are the prime factors of 2704773972?
2, 3, 29, 7772339
List the prime factors of 54795848.
2, 19, 29, 31, 401
List the prime factors of 157906197.
3, 233, 257, 293
List the prime factors of 1435549362.
2, 3, 13, 227, 81077
List the prime factors of 594680039.
239, 853, 2917
List the prime factors of 88639712.
2, 7, 19, 59, 353
What are the prime factors of 66794134?
2, 11, 29, 104693
What are the prime factors of 85069204?
2, 11, 719, 2689
List the prime factors of 184926078.
2, 3, 409, 2791
List the prime factors of 4601134710.
2, 3, 5, 269, 190051
What are the prime fact